{"id":259,"date":"2025-11-12T20:11:08","date_gmt":"2025-11-12T19:11:08","guid":{"rendered":"http:\/\/szegedicicamentok.eu\/?page_id=259"},"modified":"2025-11-14T16:32:27","modified_gmt":"2025-11-14T15:32:27","slug":"tamogatas","status":"publish","type":"page","link":"https:\/\/szegedicicamentok.eu\/?page_id=259","title":{"rendered":"T\u00e1mogat\u00e1s"},"content":{"rendered":"\n<h2 class=\"wp-block-heading has-text-align-center\">T\u00e1mogat\u00e1s<\/h2>\n\n\n\n<p>Menhely\u00fcnk\u00f6n nap mint nap sz\u00e1mos r\u00e1szorul\u00f3 cica ker\u00fcl gondoz\u00e1sunkba, k\u00f6zt\u00fck sok, akik k\u00f3rh\u00e1zi ell\u00e1t\u00e1st, gy\u00f3gyszereket vagy speci\u00e1lis ell\u00e1t\u00e1st ig\u00e9nyelnek. Nagy sz\u00fcks\u00e9g\u00fcnk van j\u00f3 min\u0151s\u00e9g\u0171 k\u00f6ly\u00f6kcica-t\u00e1pra, macskaalomra, tiszt\u00edt\u00f3szerekre, fert\u0151tlen\u00edt\u0151kre, valamint kutyapelenk\u00e1ra, amelyet gyakran haszn\u00e1lunk beteg vagy gy\u00f3gyul\u00f3 \u00e1llatokn\u00e1l. Emellett a macskafekhelyek, j\u00e1t\u00e9kok \u00e9s minden olyan t\u00e1rgyi adom\u00e1ny is hatalmas seg\u00edts\u00e9g, ami k\u00e9nyelmesebb\u00e9 teszi v\u00e9denceink mindennapjait.<\/p>\n\n\n\n<p>Amennyiben szeretn\u00e9d t\u00e1mogatni munk\u00e1nkat, megteheted t\u00e1rgyi felaj\u00e1nl\u00e1sokkal vagy p\u00e9nzadom\u00e1nnyal is. \u00c9s ne feledd: <strong>ad\u00f3d 1%-a<\/strong> is \u00f3ri\u00e1si seg\u00edts\u00e9get jelent sz\u00e1munkra, hogy folytatni tudjuk ment\u0151tev\u00e9kenys\u00e9g\u00fcnket.<\/p>\n\n\n\n<p><strong>Ad\u00f3sz\u00e1m:<\/strong> 19561802-1-06<br><strong>Foly\u00f3sz\u00e1mlasz\u00e1m:<\/strong> 11735005-20544234<\/p>\n\n\n\n<p>Minden t\u00e1mogat\u00e1st h\u00e1l\u00e1san k\u00f6sz\u00f6n\u00fcnk \u2013 a cic\u00e1k nev\u00e9ben is!<\/p>\n","protected":false},"excerpt":{"rendered":"<p>T\u00e1mogat\u00e1s Menhely\u00fcnk\u00f6n nap mint nap sz\u00e1mos r\u00e1szorul\u00f3 cica ker\u00fcl gondoz\u00e1sunkba, k\u00f6zt\u00fck sok, akik k\u00f3rh\u00e1zi ell\u00e1t\u00e1st, gy\u00f3gyszereket vagy speci\u00e1lis ell\u00e1t\u00e1st ig\u00e9nyelnek. Nagy sz\u00fcks\u00e9g\u00fcnk van j\u00f3 min\u0151s\u00e9g\u0171 k\u00f6ly\u00f6kcica-t\u00e1pra, macskaalomra, tiszt\u00edt\u00f3szerekre, fert\u0151tlen\u00edt\u0151kre, valamint kutyapelenk\u00e1ra, amelyet gyakran haszn\u00e1lunk beteg vagy gy\u00f3gyul\u00f3 \u00e1llatokn\u00e1l. Emellett a macskafekhelyek, j\u00e1t\u00e9kok \u00e9s minden olyan t\u00e1rgyi adom\u00e1ny is hatalmas seg\u00edts\u00e9g, ami k\u00e9nyelmesebb\u00e9 teszi v\u00e9denceink mindennapjait. [&hellip;]<\/p>\n","protected":false},"author":1,"featured_media":0,"parent":0,"menu_order":0,"comment_status":"closed","ping_status":"closed","template":"","meta":{"footnotes":""},"class_list":["post-259","page","type-page","status-publish","hentry"],"jetpack_sharing_enabled":true,"_links":{"self":[{"href":"https:\/\/szegedicicamentok.eu\/index.php?rest_route=\/wp\/v2\/pages\/259","targetHints":{"allow":["GET"]}}],"collection":[{"href":"https:\/\/szegedicicamentok.eu\/index.php?rest_route=\/wp\/v2\/pages"}],"about":[{"href":"https:\/\/szegedicicamentok.eu\/index.php?rest_route=\/wp\/v2\/types\/page"}],"author":[{"embeddable":true,"href":"https:\/\/szegedicicamentok.eu\/index.php?rest_route=\/wp\/v2\/users\/1"}],"replies":[{"embeddable":true,"href":"https:\/\/szegedicicamentok.eu\/index.php?rest_route=%2Fwp%2Fv2%2Fcomments&post=259"}],"version-history":[{"count":2,"href":"https:\/\/szegedicicamentok.eu\/index.php?rest_route=\/wp\/v2\/pages\/259\/revisions"}],"predecessor-version":[{"id":372,"href":"https:\/\/szegedicicamentok.eu\/index.php?rest_route=\/wp\/v2\/pages\/259\/revisions\/372"}],"wp:attachment":[{"href":"https:\/\/szegedicicamentok.eu\/index.php?rest_route=%2Fwp%2Fv2%2Fmedia&parent=259"}],"curies":[{"name":"wp","href":"https:\/\/api.w.org\/{rel}","templated":true}]}}